{"id":13,"date":"2024-01-13T18:33:21","date_gmt":"2024-01-13T18:33:21","guid":{"rendered":"https:\/\/reg1.ch\/?page_id=13"},"modified":"2024-08-17T21:33:23","modified_gmt":"2024-08-17T21:33:23","slug":"accueil","status":"publish","type":"page","link":"https:\/\/reg1.ch\/","title":{"rendered":"Accueil"},"content":{"rendered":"\n<p class=\"wp-block-paragraph\">Le Pool Transport R\u00e9gion 1 ARTM \/ FSSTM prend en charge la coordination des conducteurs hors service en Suisse Romande. Notre mission principale est d&rsquo;offrir un soutien logistique essentiel \u00e0 la BLA, aux troupes en service et \u00e0 d&rsquo;autres partenaires pour les d\u00e9placements de v\u00e9hicules militaires et divers transports.<\/p>\n\n\n\n<p class=\"wp-block-paragraph\">Nous assurons de mani\u00e8re efficiente le transfert de v\u00e9hicules tels que les MB G300, IVECO, DURO, WLS, Piranha, GMTF vers les emplacements des troupes, entre les centres logistiques, et \u00e9galement le d\u00e9placement d&rsquo;\u00e9quipements tels que des conteneurs ISO, des conteneurs roulants, et bien plus encore.<\/p>\n\n\n\n<p class=\"wp-block-paragraph\">Notre domaine d&rsquo;intervention couvre la Suisse Romande, en mettant particuli\u00e8rement l&rsquo;accent sur le centre logistique de l&rsquo;arm\u00e9e \u00e0 Grolley. Nous sommes \u00e9quip\u00e9s pour assurer le d\u00e9placement de divers v\u00e9hicules (voitures, Duro, camions, remorques, etc.), les transports de mat\u00e9riel, le transport de conteneurs ISO, des transports sp\u00e9ciaux, et d&rsquo;autres services logistiques essentiels.<\/p>\n\n\n\n<figure class=\"wp-block-table\">\n    <table id=\"randomTable\">\n        <tbody>\n            <tr>\n                <td class=\"table-cell\">\n                    <a href=\"http:\/\/artm-fr.ch\">\n                        <div class=\"table-content\">\n                            <span>ARTM Fribourg<\/span>\n                            <img loading=\"lazy\" decoding=\"async\" width=\"1024\" height=\"1295\" class=\"wp-image-30\" src=\"https:\/\/reg1.ch\/wp-content\/uploads\/2024\/01\/Wappen_Freiburg_matt.svg_.png\" alt=\"\" srcset=\"https:\/\/reg1.ch\/wp-content\/uploads\/2024\/01\/Wappen_Freiburg_matt.svg_.png 1024w, https:\/\/reg1.ch\/wp-content\/uploads\/2024\/01\/Wappen_Freiburg_matt.svg_-237x300.png 237w, https:\/\/reg1.ch\/wp-content\/uploads\/2024\/01\/Wappen_Freiburg_matt.svg_-810x1024.png 810w, https:\/\/reg1.ch\/wp-content\/uploads\/2024\/01\/Wappen_Freiburg_matt.svg_-768x971.png 768w\" sizes=\"auto, (max-width: 1024px) 100vw, 1024px\" \/>\n                        <\/div>\n                    <\/a>\n                <\/td>\n                <td class=\"table-cell\">\n                    <a href=\"http:\/\/artm-vd.ch\">\n                        <div class=\"table-content\">\n                            <span>ARTM Vaud<\/span>\n                            <img loading=\"lazy\" decoding=\"async\" width=\"1280\" height=\"1554\" class=\"wp-image-27\" src=\"https:\/\/reg1.ch\/wp-content\/uploads\/2024\/01\/Wappen_Waadt_matt.svg_.png\" alt=\"\" srcset=\"https:\/\/reg1.ch\/wp-content\/uploads\/2024\/01\/Wappen_Waadt_matt.svg_.png 1280w, https:\/\/reg1.ch\/wp-content\/uploads\/2024\/01\/Wappen_Waadt_matt.svg_-247x300.png 247w, https:\/\/reg1.ch\/wp-content\/uploads\/2024\/01\/Wappen_Waadt_matt.svg_-843x1024.png 843w, https:\/\/reg1.ch\/wp-content\/uploads\/2024\/01\/Wappen_Waadt_matt.svg_-768x932.png 768w, https:\/\/reg1.ch\/wp-content\/uploads\/2024\/01\/Wappen_Waadt_matt.svg_-1265x1536.png 1265w\" sizes=\"auto, (max-width: 1280px) 100vw, 1280px\" \/>\n                        <\/div>\n                    <\/a>\n                <\/td>\n                <td class=\"table-cell\">\n                    <a href=\"http:\/\/artm-vs.ch\">\n                        <div class=\"table-content\">\n                            <span>ARTM Valais<\/span>\n                            <img loading=\"lazy\" decoding=\"async\" width=\"1280\" height=\"1550\" class=\"wp-image-25\" src=\"https:\/\/reg1.ch\/wp-content\/uploads\/2024\/01\/Wappen_Wallis_matt.svg_.png\" alt=\"\" srcset=\"https:\/\/reg1.ch\/wp-content\/uploads\/2024\/01\/Wappen_Wallis_matt.svg_.png 1280w, https:\/\/reg1.ch\/wp-content\/uploads\/2024\/01\/Wappen_Wallis_matt.svg_-248x300.png 248w, https:\/\/reg1.ch\/wp-content\/uploads\/2024\/01\/Wappen_Wallis_matt.svg_-846x1024.png 846w, https:\/\/reg1.ch\/wp-content\/uploads\/2024\/01\/Wappen_Wallis_matt.svg_-768x930.png 768w, https:\/\/reg1.ch\/wp-content\/uploads\/2024\/01\/Wappen_Wallis_matt.svg_-1268x1536.png 1268w\" sizes=\"auto, (max-width: 1280px) 100vw, 1280px\" \/>\n                        <\/div>\n                    <\/a>\n                <\/td>\n                <td class=\"table-cell\">\n                    <a href=\"http:\/\/artm-ge.ch\">\n                        <div class=\"table-content\">\n                            <span>ARTM Gen\u00e8ve<\/span>\n                            <img loading=\"lazy\" decoding=\"async\" width=\"1280\" height=\"1550\" class=\"wp-image-26\" src=\"https:\/\/reg1.ch\/wp-content\/uploads\/2024\/01\/Wappen_Genf_matt.svg_.png\" alt=\"\" srcset=\"https:\/\/reg1.ch\/wp-content\/uploads\/2024\/01\/Wappen_Genf_matt.svg_.png 1280w, https:\/\/reg1.ch\/wp-content\/uploads\/2024\/01\/Wappen_Genf_matt.svg_-248x300.png 248w, https:\/\/reg1.ch\/wp-content\/uploads\/2024\/01\/Wappen_Genf_matt.svg_-846x1024.png 846w, https:\/\/reg1.ch\/wp-content\/uploads\/2024\/01\/Wappen_Genf_matt.svg_-768x930.png 768w, https:\/\/reg1.ch\/wp-content\/uploads\/2024\/01\/Wappen_Genf_matt.svg_-1268x1536.png 1268w\" sizes=\"auto, (max-width: 1280px) 100vw, 1280px\" \/>\n                        <\/div>\n                    <\/a>\n                <\/td>\n            <\/tr>\n        <\/tbody>\n    <\/table>\n<\/figure>\n\n<style>\n    #randomTable {\n        width: 100%;\n        table-layout: fixed; \/* Assure une largeur fixe pour chaque cellule *\/\n        border-collapse: collapse;\n    }\n\n    .table-cell {\n        text-align: center;\n        padding: 10px;\n        border: 1px solid #ddd; \/* Ajoute des bordures fines *\/\n        vertical-align: middle; \/* Centre verticalement le contenu *\/\n    }\n\n    .table-content {\n        display: flex;\n        flex-direction: column;\n        align-items: center; \/* Centre le contenu horizontalement *\/\n        justify-content: center; \/* Centre le contenu verticalement *\/\n        height: 100%;\n    }\n\n    .table-content span {\n        margin-bottom: 10px; \/* Espace entre le texte et l'image *\/\n        font-weight: bold;\n    }\n\n    .table-cell img {\n        width: 50px; \/* Taille de l'image *\/\n    }\n\n    a {\n        text-decoration: none;\n        color: #000; \/* Couleur du texte *\/\n    }\n\n    a:hover {\n        color: #0073aa; \/* Couleur du texte au survol *\/\n    }\n<\/style>\n\n<script>\n    \/\/ Fonction pour m\u00e9langer les cellules de la ligne du tableau\n    function shuffleTable() {\n        var table = document.getElementById(\"randomTable\");\n        var row = table.rows[0];\n        var cells = Array.from(row.cells);\n\n        \/\/ M\u00e9langer les cellules ind\u00e9pendamment\n        cells.sort(function() { return 0.5 - Math.random() });\n\n        \/\/ R\u00e9affecter les cellules mises \u00e0 jour \u00e0 la ligne\n        row.innerHTML = \"\";\n        cells.forEach(function(cell) {\n            row.appendChild(cell);\n        });\n    }\n\n    \/\/ Appeler la fonction au chargement de la page\n    document.addEventListener(\"DOMContentLoaded\", shuffleTable);\n<\/script>\n","protected":false},"excerpt":{"rendered":"<p>Le Pool Transport R\u00e9gion 1 ARTM \/ FSSTM prend en charge la coordination des conducteurs hors service en Suisse Romande. Notre mission principale est d&rsquo;offrir un soutien logistique essentiel \u00e0 la BLA, aux troupes en service et \u00e0 d&rsquo;autres partenaires pour les d\u00e9placements de v\u00e9hicules militaires et divers transports. Nous assurons de mani\u00e8re efficiente le [&hellip;]<\/p>\n","protected":false},"author":1,"featured_media":0,"parent":0,"menu_order":0,"comment_status":"closed","ping_status":"closed","template":"","meta":{"footnotes":""},"class_list":["post-13","page","type-page","status-publish","hentry"],"_links":{"self":[{"href":"https:\/\/reg1.ch\/index.php?rest_route=\/wp\/v2\/pages\/13","targetHints":{"allow":["GET"]}}],"collection":[{"href":"https:\/\/reg1.ch\/index.php?rest_route=\/wp\/v2\/pages"}],"about":[{"href":"https:\/\/reg1.ch\/index.php?rest_route=\/wp\/v2\/types\/page"}],"author":[{"embeddable":true,"href":"https:\/\/reg1.ch\/index.php?rest_route=\/wp\/v2\/users\/1"}],"replies":[{"embeddable":true,"href":"https:\/\/reg1.ch\/index.php?rest_route=%2Fwp%2Fv2%2Fcomments&post=13"}],"version-history":[{"count":18,"href":"https:\/\/reg1.ch\/index.php?rest_route=\/wp\/v2\/pages\/13\/revisions"}],"predecessor-version":[{"id":53,"href":"https:\/\/reg1.ch\/index.php?rest_route=\/wp\/v2\/pages\/13\/revisions\/53"}],"wp:attachment":[{"href":"https:\/\/reg1.ch\/index.php?rest_route=%2Fwp%2Fv2%2Fmedia&parent=13"}],"curies":[{"name":"wp","href":"https:\/\/api.w.org\/{rel}","templated":true}]}}

<p class="wp-block-paragraph">Le Pool Transport Région 1 ARTM / FSSTM prend en charge la coordination des conducteurs hors service en Suisse Romande. Notre mission principale est d&rsquo;offrir un soutien logistique essentiel à la BLA, aux troupes en service et à d&rsquo;autres partenaires pour les déplacements de véhicules militaires et divers transports.</p>



<p class="wp-block-paragraph">Nous assurons de manière efficiente le transfert de véhicules tels que les MB G300, IVECO, DURO, WLS, Piranha, GMTF vers les emplacements des troupes, entre les centres logistiques, et également le déplacement d&rsquo;équipements tels que des conteneurs ISO, des conteneurs roulants, et bien plus encore.</p>



<p class="wp-block-paragraph">Notre domaine d&rsquo;intervention couvre la Suisse Romande, en mettant particulièrement l&rsquo;accent sur le centre logistique de l&rsquo;armée à Grolley. Nous sommes équipés pour assurer le déplacement de divers véhicules (voitures, Duro, camions, remorques, etc.), les transports de matériel, le transport de conteneurs ISO, des transports spéciaux, et d&rsquo;autres services logistiques essentiels.</p>



<figure class="wp-block-table">
    <table id="randomTable">
        <tbody>
            <tr>
                <td class="table-cell">
                    <a href="http://artm-fr.ch">
                        <div class="table-content">
                            <span>ARTM Fribourg</span>
                            <img loading="lazy" decoding="async" width="1024" height="1295" class="wp-image-30" src="https://reg1.ch/wp-content/uploads/2024/01/Wappen_Freiburg_matt.svg_.png" alt="" srcset="https://reg1.ch/wp-content/uploads/2024/01/Wappen_Freiburg_matt.svg_.png 1024w, https://reg1.ch/wp-content/uploads/2024/01/Wappen_Freiburg_matt.svg_-237x300.png 237w, https://reg1.ch/wp-content/uploads/2024/01/Wappen_Freiburg_matt.svg_-810x1024.png 810w, https://reg1.ch/wp-content/uploads/2024/01/Wappen_Freiburg_matt.svg_-768x971.png 768w" sizes="auto, (max-width: 1024px) 100vw, 1024px" />
                        </div>
                    </a>
                </td>
                <td class="table-cell">
                    <a href="http://artm-vd.ch">
                        <div class="table-content">
                            <span>ARTM Vaud</span>
                            <img loading="lazy" decoding="async" width="1280" height="1554" class="wp-image-27" src="https://reg1.ch/wp-content/uploads/2024/01/Wappen_Waadt_matt.svg_.png" alt="" srcset="https://reg1.ch/wp-content/uploads/2024/01/Wappen_Waadt_matt.svg_.png 1280w, https://reg1.ch/wp-content/uploads/2024/01/Wappen_Waadt_matt.svg_-247x300.png 247w, https://reg1.ch/wp-content/uploads/2024/01/Wappen_Waadt_matt.svg_-843x1024.png 843w, https://reg1.ch/wp-content/uploads/2024/01/Wappen_Waadt_matt.svg_-768x932.png 768w, https://reg1.ch/wp-content/uploads/2024/01/Wappen_Waadt_matt.svg_-1265x1536.png 1265w" sizes="auto, (max-width: 1280px) 100vw, 1280px" />
                        </div>
                    </a>
                </td>
                <td class="table-cell">
                    <a href="http://artm-vs.ch">
                        <div class="table-content">
                            <span>ARTM Valais</span>
                            <img loading="lazy" decoding="async" width="1280" height="1550" class="wp-image-25" src="https://reg1.ch/wp-content/uploads/2024/01/Wappen_Wallis_matt.svg_.png" alt="" srcset="https://reg1.ch/wp-content/uploads/2024/01/Wappen_Wallis_matt.svg_.png 1280w, https://reg1.ch/wp-content/uploads/2024/01/Wappen_Wallis_matt.svg_-248x300.png 248w, https://reg1.ch/wp-content/uploads/2024/01/Wappen_Wallis_matt.svg_-846x1024.png 846w, https://reg1.ch/wp-content/uploads/2024/01/Wappen_Wallis_matt.svg_-768x930.png 768w, https://reg1.ch/wp-content/uploads/2024/01/Wappen_Wallis_matt.svg_-1268x1536.png 1268w" sizes="auto, (max-width: 1280px) 100vw, 1280px" />
                        </div>
                    </a>
                </td>
                <td class="table-cell">
                    <a href="http://artm-ge.ch">
                        <div class="table-content">
                            <span>ARTM Genève</span>
                            <img loading="lazy" decoding="async" width="1280" height="1550" class="wp-image-26" src="https://reg1.ch/wp-content/uploads/2024/01/Wappen_Genf_matt.svg_.png" alt="" srcset="https://reg1.ch/wp-content/uploads/2024/01/Wappen_Genf_matt.svg_.png 1280w, https://reg1.ch/wp-content/uploads/2024/01/Wappen_Genf_matt.svg_-248x300.png 248w, https://reg1.ch/wp-content/uploads/2024/01/Wappen_Genf_matt.svg_-846x1024.png 846w, https://reg1.ch/wp-content/uploads/2024/01/Wappen_Genf_matt.svg_-768x930.png 768w, https://reg1.ch/wp-content/uploads/2024/01/Wappen_Genf_matt.svg_-1268x1536.png 1268w" sizes="auto, (max-width: 1280px) 100vw, 1280px" />
                        </div>
                    </a>
                </td>
            </tr>
        </tbody>
    </table>
</figure>

<style>
    #randomTable {
        width: 100%;
        table-layout: fixed; /* Assure une largeur fixe pour chaque cellule */
        border-collapse: collapse;
    }

    .table-cell {
        text-align: center;
        padding: 10px;
        border: 1px solid #ddd; /* Ajoute des bordures fines */
        vertical-align: middle; /* Centre verticalement le contenu */
    }

    .table-content {
        display: flex;
        flex-direction: column;
        align-items: center; /* Centre le contenu horizontalement */
        justify-content: center; /* Centre le contenu verticalement */
        height: 100%;
    }

    .table-content span {
        margin-bottom: 10px; /* Espace entre le texte et l'image */
        font-weight: bold;
    }

    .table-cell img {
        width: 50px; /* Taille de l'image */
    }

    a {
        text-decoration: none;
        color: #000; /* Couleur du texte */
    }

    a:hover {
        color: #0073aa; /* Couleur du texte au survol */
    }
</style>

<script>
    // Fonction pour mélanger les cellules de la ligne du tableau
    function shuffleTable() {
        var table = document.getElementById("randomTable");
        var row = table.rows[0];
        var cells = Array.from(row.cells);

        // Mélanger les cellules indépendamment
        cells.sort(function() { return 0.5 - Math.random() });

        // Réaffecter les cellules mises à jour à la ligne
        row.innerHTML = "";
        cells.forEach(function(cell) {
            row.appendChild(cell);
        });
    }

    // Appeler la fonction au chargement de la page
    document.addEventListener("DOMContentLoaded", shuffleTable);
</script>

<p>Le Pool Transport Région 1 ARTM / FSSTM prend en charge la coordination des conducteurs hors service en Suisse Romande. Notre mission principale est d&rsquo;offrir un soutien logistique essentiel à la BLA, aux troupes en service et à d&rsquo;autres partenaires pour les déplacements de véhicules militaires et divers transports. Nous assurons de manière efficiente le [&hellip;]</p>
